 5.
4
What is the remainder when 689 is divided by 171?
5
What is the remainder when 31 is divided by 2?
1
Calculate the remainder when 317 is divided by 107.
103
Calculate the remainder when 93 is divided by 39.
15
Calculate the remainder when 564 is divided by 42.
18
Calculate the remainder when 1278 is divided by 209.
24
What is the remainder when 237 is divided by 7?
6
What is the remainder when 72 is divided by 42?
30
What is the remainder when 1383 is divided by 33?
30
What is the remainder when 385 is divided by 26?
21
Calculate the remainder when 268 is divided by 21.
16
Calculate the remainder when 77 is divided by 44.
33
Calculate the remainder when 11639 is divided by 12.
11
Calculate the remainder when 37 is divided by 7.
2
What is the remainder when 216 is divided by 3?
0
What is the remainder when 254 is divided by 35?
9
What is the remainder when 643 is divided by 215?
213
Calculate the remainder when 11 is divided by 7.
4
What is the remainder when 527 is divided by 94?
57
Calculate the remainder when 130 is divided by 11.
9
Calculate the remainder when 832 is divided by 170.
152
What is the remainder when 6397 is divided by 50?
47
What is the remainder when 16235 is divided by 11?
10
What is the remainder when 79 is divided by 65?
14
What is the remainder when 115 is divided by 59?
56
What is the remainder when 862 is divided by 36?
34
What is the remainder when 168 is divided by 122?
46
Calculate the remainder when 106 is divided by 37.
32
What is the remainder when 80 is divided by 9?
8
What is the remainder when 2358 is divided by 159?
132
What is the remainder when 1353 is divided by 23?
19
What is the remainder when 55 is divided by 19?
17
Calculate the remainder when 650 is divided by 51.
38
What is the remainder when 584 is divided by 65?
64
Calculate the remainder when 1296 is divided by 260.
256
Calculate the remainder when 1158 is divided by 40.
38
What is the remainder when 154 is divided by 53?
48
Calculate the remainder when 5711 is divided by 29.
27
Calculate the remainder when 359 is divided by 57.
17
Calculate the remainder when 164 is divided by 32.
4
What is the remainder when 77 is divided by 32?
13
What is the remainder when 602 is divided by 94?
38
What is the remainder when 545 is divided by 193?
159
What is the remainder when 156 is divided by 33?
24
What is the remainder when 3128 is divided by 156?
8
What is the remainder when 205 is divided by 26?
23
What is the remainder when 8793 is divided by 12?
9
What is the remainder when 2864 is divided by 119?
8
Calculate the remainder when 237 is divided by 15.
12
Calculate the remainder when 536 is divided by 77.
74
What is the remainder when 2195 is divided by 18?
17
What is the remainder when 192 is divided by 43?
20
Calculate the remainder when 112 is divided by 74.
38
What is the remainder when 140 is divided by 16?
12
What is the remainder when 652 is divided by 162?
4
What is the remainder when 66 is divided by 35?
31
Calculate the remainder when 854 is divided by 39.
35
Calculate the remainder when 317 is divided by 46.
41
What is the remainder when 24608 is divided by 230?
228
What is the remainder when 63 is divided by 22?
19
Calculate the remainder when 1024 is divided by 21.
16
Calculate the remainder when 56 is divided by 34.
22
What is the remainder when 1547 is divided by 17?
0
Calculate the remainder when 599 is divided by 75.
74
Calculate the remainder when 207 is divided by 11.
9
Calculate the remainder when 9512 is divided by 475.
12
Calculate the remainder when 635 is divided by 16.
11
What is the remainder when 3749 is divided by 35?
4
What is the remainder when 89 is divided by 26?
11
Calculate the remainder when 69 is divided by 9.
6
What is the remainder when 637 is divided by 139?
81
Calculate the remainder when 281 is divided by 6.
5
Calculate the remainder when 365 is divided by 154.
57
What is the remainder when 372 is divided by 151?
70
Calculate the remainder when 130 is divided by 44.
42
Calculate the remainder when 303 is divided by 43.
2
What is the remainder when 1564 is divided by 28?
24
What is the remainder when 218 is divided by 10?
8
What is the remainder when 270 is divided by 69?
63
Calculate the remainder when 10077 is divided by 126.
123
What is the remainder when 4552 is divided by 190?
182
What is the remainder when 98 is divided by 54?
44
Calculate the remainder when 10942 is divided by 199.
196
What is the remainder when 224 is divided by 47?
36
What is the remainder when 316 is divided by 84?
64
What is the remainder when 326 is divided by 55?
51
Calculate the remainder when 160 is divided by 10.
0
Calculate the remainder when 1130 is divided by 18.
14
Calculate the remainder when 979 is divided by 109.
107
Calculate the remainder when 354 is divided by 70.
4
What is the remainder when 122 is divided by 9?
5
What is the remainder when 314 is divided by 18?
8
What is the remainder when 68 is divided by 33?
2
Calculate the remainder when 1014 is divided by 40.
14
Calculate the remainder when 174 is divided by 42.
6
Calculate the remainder when 3458 is divided by 77.
70
Calculate the remainder when 672 is divided by 309.
54
Calculate the remainder when 202 is divided by 29.
28
What is the remainder when 347 is divided by 31?
6
Calculate the remainder when 25918 is divided by 8.
6
Calculate the remainder when 639 is divided by 19.
12
What is the remainder when 2433 is divided by 98?
81
Calculate the remainder when 235 is divided by 34.
31
What is the remainder when 2317 is divided by 116?
113
Calculate the remainder when 612 is divided by 576.
36
What is the remainder when 1792 is divided by 447?
4
What is the remainder when 1383 is divided by 274?
13
What is the remainder when 81 is divided by 44?
37
What is the remainder when 172 is divided by 35?
32
Calculate the remainder when 1606 is divided by 12.
10
What is the remainder when 18767 is divided by 126?
119
Calculate the remainder when 149 is divided by 48.
5
What is the remainder when 242 is divided by 61?
59
Calculate the remainder when 569 is divided by 6.
5
What is the remainder when 83 is divided by 12?
11
What is the remainder when 240 is divided by 38?
12
What is the remainder when 60 is divided by 7?
4
What is the remainder when 59 is divided by 15?
14
What is the remainder when 39 is divided by 32?
7
Calculate the remainder when 4482 is divided by 68.
62
What is the remainder when 897 is divided by 60?
57
Calculate the remainder when 147 is divided by 32.
19
Calculate the remainder when 117 is divided by 26.
13
What is the remainder when 303 is divided by 78?
69
What is the remainder when 528 is divided by 10?
8
What is the remainder when 193 is divided by 15?
13
What is the remainder when 261 is divided by 66?
63
What is the remainder when 582 is divided by 196?
190
Calculate the remainder when 2251 is divided by 151.
137
What is the remainder when 2026 is divided by 39?
37
Calculate the remainder when 2215 is divided by 15.
10
What is the remainder when 54 is divided by 12?
6
Calculate the remainder when 17 is divided by 9.
8
Calculate the remainder when 465 is divided by 168.
129
What is the remainder when 587 is divided by 121?
103
Calculate the remainder when 52 is divided by 9.
7
Calculate the remainder when 163 is divided by 83.
80
Calculate the remainder when 164 is divided by 34.
28
Calculate the remainder when 326 is divided by 47.
44
Calculate the remainder when 463 is divided by 2.
1
What is the remainder when 158 is divided by 61?
36
Calculate the remainder when 871 is divided by 146.
141
Calculate the remainder when 355 is divided by 76.
51
What is the remainder when 1316 is divided by 22?
18
What is the remainder when 107 is divided by 40?
27
Calculate the remainder when 588 is divided by 59.
57
What is the remainder when 175 is divided by 12?
7
Calculate the remainder when 15523 is divided by 14.
11
Calculate the remainder when 2253 is divided by 55.
53
Calculate the remainder when 51 is divided by 15.
6
What is the remainder when 404 is divided by 12?
8
What is the remainder when 886 is divided by 111?
109
What is the remainder when 42 is divided by 4?
2
What is the remainder when 83 is divided by 74?
9
What is the remainder when 7